{"id":17,"date":"2022-11-20T04:41:25","date_gmt":"2022-11-20T04:41:25","guid":{"rendered":"https:\/\/etter-gick.ch\/?page_id=17"},"modified":"2022-12-18T12:48:33","modified_gmt":"2022-12-18T12:48:33","slug":"17-2","status":"publish","type":"page","link":"https:\/\/etter-gick.ch\/index.php\/17-2\/","title":{"rendered":"Themen"},"content":{"rendered":"\n<div class=\"wp-block-cover alignfull\" style=\"min-height:916px;aspect-ratio:unset;\"><span aria-hidden=\"true\" class=\"wp-block-cover__background has-background-dim\"><\/span><img loading=\"lazy\" decoding=\"async\" width=\"2560\" height=\"1691\" class=\"wp-block-cover__image-background wp-image-12\" alt=\"\" src=\"https:\/\/etter-gick.ch\/wp-content\/uploads\/2022\/11\/ceg_Politik-1-scaled.jpg\" data-object-fit=\"cover\" srcset=\"https:\/\/etter-gick.ch\/wp-content\/uploads\/2022\/11\/ceg_Politik-1-scaled.jpg 2560w, https:\/\/etter-gick.ch\/wp-content\/uploads\/2022\/11\/ceg_Politik-1-300x198.jpg 300w, https:\/\/etter-gick.ch\/wp-content\/uploads\/2022\/11\/ceg_Politik-1-1024x676.jpg 1024w, https:\/\/etter-gick.ch\/wp-content\/uploads\/2022\/11\/ceg_Politik-1-768x507.jpg 768w, https:\/\/etter-gick.ch\/wp-content\/uploads\/2022\/11\/ceg_Politik-1-1536x1014.jpg 1536w, https:\/\/etter-gick.ch\/wp-content\/uploads\/2022\/11\/ceg_Politik-1-2048x1352.jpg 2048w\" sizes=\"auto, (max-width: 2560px) 100vw, 2560px\" \/><div class=\"wp-block-cover__inner-container is-layout-flow wp-block-cover-is-layout-flow\">\n<h2 class=\"has-text-align-center wp-block-heading\">Meine Themen<\/h2>\n<\/div><\/div>\n\n\n\n<div class=\"wp-block-group alignfull has-foreground-color has-text-color has-link-color wp-elements-0bc034cc31daac524fcfd0de2c0336ba is-layout-constrained wp-block-group-is-layout-constrained\" style=\"padding-top:6rem;padding-bottom:6rem\">\n<p>Winterthur soll <mark style=\"background-color:rgba(0, 0, 0, 0);color:#00b7eb\" class=\"has-inline-color\">Arbeits- und Wohnstadt<\/mark> sein. Setzen wir alles daran, neue Firmen in den Kanton Z\u00fcrich und insbesondere nach Winterthur zu holen und bereits ans\u00e4ssige noch besser zu unterst\u00fctzen. Gute Infrastrukturen und wenig B\u00fcrokratie spielen hierbei eine zentrale Rolle.<br><br><\/p>\n\n\n\n<p>F\u00fcr mich als berufst\u00e4tige Mutter ist im Zusammenhang mit dem Wirtschaftsstandort die <mark style=\"background-color:rgba(0, 0, 0, 0);color:#00b7eb\" class=\"has-inline-color\">familienerg\u00e4nzende Kinderbetreuung<\/mark> besonders wichtig. Vor dem Hintergrund des Fachkr\u00e4ftemangels sind M\u00fctter und V\u00e4ter als Arbeitnehmende gefragt. Deshalb brauchen wir in der Vorschulbetreuung gute Betreuungsangebote, die auf individuelle Bed\u00fcrfnisse eingehen und am Markt bestehen k\u00f6nnen. Und ich setze mich ein f\u00fcr echte Tagesschulen, weil sie zeitgem\u00e4ss und f\u00fcr Kindern sinnvoll sind.<br><\/p>\n\n\n\n<p><br><\/p>\n\n\n\n<p>Wir m\u00fcssen unser <mark style=\"background-color:rgba(0, 0, 0, 0);color:#00b7eb\" class=\"has-inline-color\">ausgezeichnetes Bildungswesen<\/mark> laufend optimieren. Die Volksschule legt die Grundlage f\u00fcr den weiteren Bildungsweg und schafft Perspektiven. Die ZHAW bringt Forschung und Innovation nach Winterthur. Das ist gut und muss gef\u00f6rdert werden.<br><br><\/p>\n\n\n\n<p>Weiter engagiere ich mich f\u00fcr eine <mark style=\"background-color:rgba(0, 0, 0, 0);color:#00b7eb\" class=\"has-inline-color\">starke Miliz<\/mark>, sei es bei politischen Mandaten oder in Vereinen, weil sie wichtiges Fundament unserer Gesellschaft ist. Freiwilliges und ehrenamtliches Engagement macht ein derart breites Sport- und Freizeitangebot m\u00f6glich und schweisst uns zusammen.<br><br><\/p>\n\n\n\n<p>F\u00fcr dieses Themen engagiere ich mich im Kantonsrat \u2013 hier finden sie meine&nbsp;<a href=\"https:\/\/www.kantonsrat.zh.ch\/mitglieder\/mitglied\/?id=985469e9c8414f5c89419fc28bc1fdb2\">Vorst\u00f6sse<\/a>. Als Mitglied der Aufsichtskommission \u00fcber die wirtschaftlichen Unternehmen (<a href=\"https:\/\/www.kantonsrat.zh.ch\/organisation\/kommissionen\/kommission?id=AWU\">AWU<\/a>) beaufsichtige ich die Unternehmen in Kantonshand ZKB, EKZ und GVZ sowie indirekt auch die AXPO und den Flughafen.<\/p>\n<\/div>\n\n\n\n<div class=\"wp-block-group alignfull has-background-color has-text-color has-background has-link-color wp-elements-d607c05c433abceb2e1885f5ae6531cb is-layout-constrained wp-block-group-is-layout-constrained\" style=\"background-color:#0e52a0\">\n<div class=\"wp-block-group alignwide is-content-justification-space-between is-layout-flex wp-container-core-group-is-layout-37312ec6 wp-block-group-is-layout-flex\" style=\"padding-top:4rem;padding-bottom:4rem\">\n<div class=\"wp-block-group is-layout-flow wp-block-group-is-layout-flow\">\n<p class=\"has-large-font-size\"><a href=\"https:\/\/etter-gick.ch\/\" data-type=\"URL\" data-id=\"https:\/\/etter-gick.ch\/\">Etter-Gick<\/a><\/p>\n\n\n\n<p class=\"has-small-font-size\"><a href=\"https:\/\/www.kantonsrat.zh.ch\/mitglieder\/mitglied\/?id=985469e9c8414f5c89419fc28bc1fdb2\" data-type=\"URL\" data-id=\"https:\/\/www.kantonsrat.zh.ch\/mitglieder\/mitglied\/?id=985469e9c8414f5c89419fc28bc1fdb2\" target=\"_blank\" rel=\"noreferrer noopener\">Kantonsr\u00e4tin<\/a><\/p>\n<\/div>\n\n\n\n<ul class=\"wp-block-social-links has-icon-background-color is-style-default is-content-justification-right is-layout-flex wp-container-core-social-links-is-layout-d445cf74 wp-block-social-links-is-layout-flex\"><li style=\"background-color:#105db5;\" class=\"wp-social-link wp-social-link-facebook  wp-block-social-link\"><a href=\"https:\/\/www.facebook.com\/etter.gick.fdp\" class=\"wp-block-social-link-anchor\"><svg width=\"24\" height=\"24\" viewBox=\"0 0 24 24\" version=\"1.1\" xmlns=\"http:\/\/www.w3.org\/2000\/svg\" aria-hidden=\"true\" focusable=\"false\"><path d=\"M12 2C6.5 2 2 6.5 2 12c0 5 3.7 9.1 8.4 9.9v-7H7.9V12h2.5V9.8c0-2.5 1.5-3.9 3.8-3.9 1.1 0 2.2.2 2.2.2v2.5h-1.3c-1.2 0-1.6.8-1.6 1.6V12h2.8l-.4 2.9h-2.3v7C18.3 21.1 22 17 22 12c0-5.5-4.5-10-10-10z\"><\/path><\/svg><span class=\"wp-block-social-link-label screen-reader-text\">Facebook<\/span><\/a><\/li>\n\n<li style=\"background-color:#105db5;\" class=\"wp-social-link wp-social-link-linkedin  wp-block-social-link\"><a href=\"https:\/\/www.linkedin.com\/in\/carola-etter-gick-a53b54195\/\" class=\"wp-block-social-link-anchor\"><svg width=\"24\" height=\"24\" viewBox=\"0 0 24 24\" version=\"1.1\" xmlns=\"http:\/\/www.w3.org\/2000\/svg\" aria-hidden=\"true\" focusable=\"false\"><path d=\"M19.7,3H4.3C3.582,3,3,3.582,3,4.3v15.4C3,20.418,3.582,21,4.3,21h15.4c0.718,0,1.3-0.582,1.3-1.3V4.3 C21,3.582,20.418,3,19.7,3z M8.339,18.338H5.667v-8.59h2.672V18.338z M7.004,8.574c-0.857,0-1.549-0.694-1.549-1.548 c0-0.855,0.691-1.548,1.549-1.548c0.854,0,1.547,0.694,1.547,1.548C8.551,7.881,7.858,8.574,7.004,8.574z M18.339,18.338h-2.669 v-4.177c0-0.996-0.017-2.278-1.387-2.278c-1.389,0-1.601,1.086-1.601,2.206v4.249h-2.667v-8.59h2.559v1.174h0.037 c0.356-0.675,1.227-1.387,2.526-1.387c2.703,0,3.203,1.779,3.203,4.092V18.338z\"><\/path><\/svg><span class=\"wp-block-social-link-label screen-reader-text\">LinkedIn<\/span><\/a><\/li><\/ul>\n<\/div>\n<\/div>\n","protected":false},"excerpt":{"rendered":"<p>Winterthur soll Arbeits- und Wohnstadt sein. Setzen wir alles daran, neue Firmen in den Kanton Z\u00fcrich und insbesondere nach Winterthur zu holen und bereits ans\u00e4ssige noch besser zu unterst\u00fctzen. Gute Infrastrukturen und wenig B\u00fcrokratie spielen hierbei eine zentrale Rolle. F\u00fcr mich als berufst\u00e4tige Mutter ist im Zusammenhang mit dem Wirtschaftsstandort die familienerg\u00e4nzende Kinderbetreuung besonders wichtig. [&hellip;]<\/p>\n","protected":false},"author":1,"featured_media":0,"parent":0,"menu_order":0,"comment_status":"closed","ping_status":"closed","template":"blank","meta":{"footnotes":""},"class_list":["post-17","page","type-page","status-publish","hentry"],"_links":{"self":[{"href":"https:\/\/etter-gick.ch\/index.php\/wp-json\/wp\/v2\/pages\/17","targetHints":{"allow":["GET"]}}],"collection":[{"href":"https:\/\/etter-gick.ch\/index.php\/wp-json\/wp\/v2\/pages"}],"about":[{"href":"https:\/\/etter-gick.ch\/index.php\/wp-json\/wp\/v2\/types\/page"}],"author":[{"embeddable":true,"href":"https:\/\/etter-gick.ch\/index.php\/wp-json\/wp\/v2\/users\/1"}],"replies":[{"embeddable":true,"href":"https:\/\/etter-gick.ch\/index.php\/wp-json\/wp\/v2\/comments?post=17"}],"version-history":[{"count":16,"href":"https:\/\/etter-gick.ch\/index.php\/wp-json\/wp\/v2\/pages\/17\/revisions"}],"predecessor-version":[{"id":161,"href":"https:\/\/etter-gick.ch\/index.php\/wp-json\/wp\/v2\/pages\/17\/revisions\/161"}],"wp:attachment":[{"href":"https:\/\/etter-gick.ch\/index.php\/wp-json\/wp\/v2\/media?parent=17"}],"curies":[{"name":"wp","href":"https:\/\/api.w.org\/{rel}","templated":true}]}}