{"id":66,"date":"2022-11-20T23:27:05","date_gmt":"2022-11-20T23:27:05","guid":{"rendered":"https:\/\/etter-gick.ch\/?page_id=66"},"modified":"2023-01-05T12:30:07","modified_gmt":"2023-01-05T12:30:07","slug":"etter-gick-wieder-in-denkantonsrat","status":"publish","type":"page","link":"https:\/\/etter-gick.ch\/index.php\/etter-gick-wieder-in-denkantonsrat\/","title":{"rendered":"Etter-Gick wieder in den Kantonsrat"},"content":{"rendered":"\n<div class=\"wp-block-cover alignfull is-light\" style=\"min-height:660px;aspect-ratio:unset;\"><span aria-hidden=\"true\" class=\"wp-block-cover__background has-background-dim\"><\/span><img loading=\"lazy\" decoding=\"async\" width=\"960\" height=\"365\" class=\"wp-block-cover__image-background wp-image-89\" alt=\"\" src=\"https:\/\/etter-gick.ch\/wp-content\/uploads\/2022\/11\/Team_Winterthur.jpg\" data-object-fit=\"cover\" srcset=\"https:\/\/etter-gick.ch\/wp-content\/uploads\/2022\/11\/Team_Winterthur.jpg 960w, https:\/\/etter-gick.ch\/wp-content\/uploads\/2022\/11\/Team_Winterthur-300x114.jpg 300w, https:\/\/etter-gick.ch\/wp-content\/uploads\/2022\/11\/Team_Winterthur-768x292.jpg 768w\" sizes=\"auto, (max-width: 960px) 100vw, 960px\" \/><div class=\"wp-block-cover__inner-container is-layout-flow wp-block-cover-is-layout-flow\">\n<h2 class=\"has-text-align-center has-background-color has-text-color wp-block-heading\">Kantonsratswahlen 2023<\/h2>\n<\/div><\/div>\n\n\n\n<div class=\"wp-block-group alignfull has-foreground-color has-text-color has-link-color wp-elements-5125dce9c279b5be6c62dde05205413a is-layout-constrained wp-block-group-is-layout-constrained\" style=\"padding-top:6rem;padding-bottom:6rem\">\n<p>Als Kantonsr\u00e4tin setze ich mich f\u00fcr ein schlagkr\u00e4ftiges Winterthur und einen florierenden Kanton Z\u00fcrich ein. Als zweitgr\u00f6sste Stadt verhilft Winterthur Z\u00fcrich erst zur richtigen St\u00e4rke. Deshalb bin ich \u00fcberzeugt, dass wir Freisinnigen auch fortan mit 2 von 13 Sitzen eine schlagkr\u00e4ftige Stimme auf der kantonalen Ebene brauchen. Dieter Kl\u00e4y und ich sind ein gutes Team und arbeiten auch mit den Winterthurer Vertretern der anderen Parteien zusammen \u2013 das m\u00f6chten wir weiterhin tun.<br><br><\/p>\n\n\n\n<p class=\"has-foreground-color has-text-color\"><mark style=\"background-color:rgba(0, 0, 0, 0);color:#00b7eb\" class=\"has-inline-color\">\u00abCarola Etter-Gick wieder in den Kantonsrat\u00bb<\/mark><br>Auch in diesem Wahlkampf darf ich auf ein tolles Wahlkomitee und auf eine breite Unterst\u00fctzung z\u00e4hlen:<\/p>\n\n\n\n<p class=\"has-text-color\" style=\"color:#00b7eb\">Co-Pr\u00e4sidium<\/p>\n\n\n\n<ul class=\"wp-block-list\">\n<li>Ursula Br\u00fcndler-Krismer, Alt-Gemeinderatspr\u00e4sidentin Die Mitte<\/li>\n\n\n\n<li>Anna Graf, Vizepr\u00e4sidentin Schulpflege Winterthur<\/li>\n\n\n\n<li>Martin H\u00fcbscher, Kantonsrat und SVP-Fraktionspr\u00e4sident, Liebensberg<\/li>\n\n\n\n<li>Markus Hutter, Alt-Nationalrat FDP und Unternehmer<\/li>\n\n\n\n<li>Raphael Perroulaz Pr\u00e4sident Jungfreisinnige Winterthur<\/li>\n\n\n\n<li>D\u00e9sir\u00e9e Schiess, Pr\u00e4sidentin KMU-Verband Winterthur und Umgebung<\/li>\n\n\n\n<li>Claudia Sedioli Maritz, Dozentin und Kommunikationsberaterin<\/li>\n<\/ul>\n\n\n\n<p class=\"has-text-color\" style=\"color:#00b7eb\">Mitglieder<\/p>\n\n\n\n<ul class=\"wp-block-list\">\n<li>Thomas G. Albert, Forch<\/li>\n\n\n\n<li>Urs B\u00e4nziger, Stadtparlamentarier, Vize-Pr\u00e4sdient FDP Winterthur, Winterthur<\/li>\n\n\n\n<li>Michael S. Bodmer, Unternehmer, Winterthu<\/li>\n\n\n\n<li>Carolyn Bodmer-Gilgen, Alt-Gemeinder\u00e4tin, Winterthur<\/li>\n\n\n\n<li>Remo Cozzio, Pr\u00e4sident Cityvereinigung JUNGE ALTSTADT, Winterthur<\/li>\n\n\n\n<li>Fabian Etter,Co-Pr\u00e4sident swisscleantech, Z\u00fcrich<\/li>\n\n\n\n<li>Dipl. Ing. ETH Matthias\u00a0Etter, Winterthur<\/li>\n\n\n\n<li>Dipl. Ing. ETH Stefan Fritschi, Stadtrat, Winterthur<\/li>\n\n\n\n<li>Alexandra Geiger, Rechtsanw\u00e4ltin, Winterthur<\/li>\n\n\n\n<li>Dr. iur. Alexandra Gick, Herrliberg<\/li>\n\n\n\n<li>Dr. iur. Carlo&nbsp;Gick, Winterthur<\/li>\n\n\n\n<li>lic. oec. publ. Claudio Gick, Herrliberg<\/li>\n\n\n\n<li>Verena&nbsp;Gick-Schl\u00e4pfer, Alt-Stadtr\u00e4tin, Winterthur<\/li>\n\n\n\n<li>Dr. iur. Felix Helg, Stadtparlamentarier FDP, Winterthur<\/li>\n\n\n\n<li>Alexander J\u00e4ger, Kantonsrat FDP, Z\u00fcrich<\/li>\n\n\n\n<li>Martina Jucker, Winterthur<\/li>\n\n\n\n<li>Dr. Dieter&nbsp;Kl\u00e4y, Kantonsrat und Pr\u00e4sident FDP Winterthur, Winterthur<\/li>\n\n\n\n<li>Elektra Langerweger, Co-Pr\u00e4sidentin FDP Frauen Winterthur, Winterthur<\/li>\n\n\n\n<li>Cristina Mancuso Cabello, Co-Pr\u00e4sidentin FDP Frauen Winterthur, Winterthur<\/li>\n\n\n\n<li>David Noser, Winterthur<\/li>\n\n\n\n<li>Ruedi Noser, St\u00e4nderat Kanton Z\u00fcrich, Winterthur<\/li>\n\n\n\n<li>Hans-Peter Portmann, Nationalrat FDP, R\u00fcschlikon<\/li>\n\n\n\n<li>Regine Sauter, Nationalr\u00e4tin FDP, Z\u00fcrich<\/li>\n\n\n\n<li>Raphael Tobler, Stadtparlamentarier Winterthur, Winterthur<\/li>\n\n\n\n<li>Truls Toggenburger, Gesch\u00e4ftsf\u00fchrer, Winterthur<\/li>\n\n\n\n<li>Carmen Walker Sp\u00e4h, Regierungsr\u00e4tin, Z\u00fcrich<\/li>\n\n\n\n<li>Sibylla Stoffel-Hahn, Vorstandsmitglied FDP Frauen Kanton Z\u00fcrich, Maur<\/li>\n\n\n\n<li>Markus Wenger, Winterthur<\/li>\n\n\n\n<li>Thomas Wolf, Pr\u00e4sident GastroWinterthur, Winterthur<\/li>\n<\/ul>\n\n\n\n<p class=\"wp-embed-aspect-16-9 wp-has-aspect-ratio has-text-color\" style=\"color:#00b7eb\"><br>Komitee beitreten<\/p>\n\n\n\n<div class=\"wp-block-group is-layout-constrained wp-block-group-is-layout-constrained\"><div class=\"wpforms-container wpforms-container-full wp-embed-aspect-16-9 wp-has-aspect-ratio wpforms-block\" id=\"wpforms-92\"><form id=\"wpforms-form-92\" class=\"wpforms-validate wpforms-form wpforms-ajax-form\" data-formid=\"92\" method=\"post\" enctype=\"multipart\/form-data\" action=\"\/index.php\/wp-json\/wp\/v2\/pages\/66\" data-token=\"4ba34dffcb4bfd621a80265fe34e0cf4\" data-token-time=\"1777725219\"><noscript class=\"wpforms-error-noscript\">Please enable JavaScript in your browser to complete this form.<\/noscript><div class=\"wpforms-field-container\"><div id=\"wpforms-92-field_3-container\" class=\"wpforms-field wpforms-field-text\" data-field-id=\"3\"><label class=\"wpforms-field-label\" for=\"wpforms-92-field_3\">Titel<\/label><input type=\"text\" id=\"wpforms-92-field_3\" class=\"wpforms-field-medium\" name=\"wpforms[fields][3]\" ><\/div><div id=\"wpforms-92-field_12-container\" class=\"wpforms-field wpforms-field-text\" data-field-id=\"12\"><label class=\"wpforms-field-label\" for=\"wpforms-92-field_12\">Amt<\/label><input type=\"text\" id=\"wpforms-92-field_12\" class=\"wpforms-field-medium\" name=\"wpforms[fields][12]\" ><\/div><div id=\"wpforms-92-field_4-container\" class=\"wpforms-field wpforms-field-text\" data-field-id=\"4\"><label class=\"wpforms-field-label\" for=\"wpforms-92-field_4\">Vorname <span class=\"wpforms-required-label\">*<\/span><\/label><input type=\"text\" id=\"wpforms-92-field_4\" class=\"wpforms-field-medium wpforms-field-required\" name=\"wpforms[fields][4]\" required><\/div><div id=\"wpforms-92-field_5-container\" class=\"wpforms-field wpforms-field-text\" data-field-id=\"5\"><label class=\"wpforms-field-label\" for=\"wpforms-92-field_5\">Nachname <span class=\"wpforms-required-label\">*<\/span><\/label><input type=\"text\" id=\"wpforms-92-field_5\" class=\"wpforms-field-medium wpforms-field-required\" name=\"wpforms[fields][5]\" required><\/div><div id=\"wpforms-92-field_13-container\" class=\"wpforms-field wpforms-field-text\" data-field-id=\"13\"><label class=\"wpforms-field-label\" for=\"wpforms-92-field_13\">Ort <span class=\"wpforms-required-label\">*<\/span><\/label><input type=\"text\" id=\"wpforms-92-field_13\" class=\"wpforms-field-medium wpforms-field-required\" name=\"wpforms[fields][13]\" required><\/div><div id=\"wpforms-92-field_9-container\" class=\"wpforms-field wpforms-field-number\" data-field-id=\"9\"><label class=\"wpforms-field-label\" for=\"wpforms-92-field_9\">PLZ <span class=\"wpforms-required-label\">*<\/span><\/label><input type=\"number\" id=\"wpforms-92-field_9\" class=\"wpforms-field-medium wpforms-field-required\" name=\"wpforms[fields][9]\" step=\"any\" required><\/div><div id=\"wpforms-92-field_6-container\" class=\"wpforms-field wpforms-field-text\" data-field-id=\"6\"><label class=\"wpforms-field-label\" for=\"wpforms-92-field_6\">Strasse <span class=\"wpforms-required-label\">*<\/span><\/label><input type=\"text\" id=\"wpforms-92-field_6\" class=\"wpforms-field-medium wpforms-field-required\" name=\"wpforms[fields][6]\" required><\/div><div id=\"wpforms-92-field_11-container\" class=\"wpforms-field wpforms-field-text\" data-field-id=\"11\"><label class=\"wpforms-field-label\" for=\"wpforms-92-field_11\">Beruf<\/label><input type=\"text\" id=\"wpforms-92-field_11\" class=\"wpforms-field-medium\" name=\"wpforms[fields][11]\" ><\/div><div id=\"wpforms-92-field_2-container\" class=\"wpforms-field wpforms-field-email\" data-field-id=\"2\"><label class=\"wpforms-field-label\" for=\"wpforms-92-field_2\">Email <span class=\"wpforms-required-label\">*<\/span><\/label><input type=\"email\" id=\"wpforms-92-field_2\" class=\"wpforms-field-medium wpforms-field-required\" name=\"wpforms[fields][2]\" spellcheck=\"false\" required><\/div><\/div><!-- .wpforms-field-container --><div class=\"wpforms-submit-container\" ><input type=\"hidden\" name=\"wpforms[id]\" value=\"92\"><input type=\"hidden\" name=\"page_title\" value=\"\"><input type=\"hidden\" name=\"page_url\" value=\"https:\/\/etter-gick.ch\/index.php\/wp-json\/wp\/v2\/pages\/66\"><input type=\"hidden\" name=\"url_referer\" value=\"\"><button type=\"submit\" name=\"wpforms[submit]\" id=\"wpforms-submit-92\" class=\"wpforms-submit\" data-alt-text=\"am beitreten\" data-submit-text=\"Beitreten\" aria-live=\"assertive\" value=\"wpforms-submit\">Beitreten<\/button><img loading=\"lazy\" decoding=\"async\" src=\"https:\/\/etter-gick.ch\/wp-content\/plugins\/wpforms-lite\/assets\/images\/submit-spin.svg\" class=\"wpforms-submit-spinner\" style=\"display: none;\" width=\"26\" height=\"26\" alt=\"Loading\"><\/div><\/form><\/div>  <!-- .wpforms-container -->\n\n\n<p class=\"wp-embed-aspect-16-9 wp-has-aspect-ratio\" style=\"font-size:0.8rem\">Ich bin mit der Ver\u00f6ffentlichung meiner Angaben (Name, Amt\/Beruf, Wohnort) im Zusammenhang mit der Kandidatur von Carola Etter-Gick einverstanden.<br><br><\/p>\n<\/div>\n\n\n\n<figure class=\"wp-block-embed is-type-video is-provider-youtube wp-block-embed-youtube wp-embed-aspect-16-9 wp-has-aspect-ratio\"><div class=\"wp-block-embed__wrapper\">\n<iframe loading=\"lazy\" title=\"Carola Etter-Gick, Kantonsratskandidatin FDP, stellt sich vor\" width=\"500\" height=\"281\" src=\"https:\/\/www.youtube.com\/embed\/GJEbwCr0_pQ?feature=oembed\" frameborder=\"0\" allow=\"accelerometer; autoplay; clipboard-write; encrypted-media; gyroscope; picture-in-picture; web-share\" referrerpolicy=\"strict-origin-when-cross-origin\" allowfullscreen><\/iframe>\n<\/div><\/figure>\n<\/div>\n\n\n\n<div class=\"wp-block-group alignfull has-background-color has-text-color has-background has-link-color wp-elements-d607c05c433abceb2e1885f5ae6531cb is-layout-constrained wp-block-group-is-layout-constrained\" style=\"background-color:#0e52a0\">\n<div class=\"wp-block-group alignwide is-content-justification-space-between is-layout-flex wp-container-core-group-is-layout-37312ec6 wp-block-group-is-layout-flex\" style=\"padding-top:4rem;padding-bottom:4rem\">\n<div class=\"wp-block-group is-layout-flow wp-block-group-is-layout-flow\">\n<p class=\"has-large-font-size\"><a href=\"https:\/\/etter-gick.ch\/\" data-type=\"URL\" data-id=\"https:\/\/etter-gick.ch\/\">Etter-Gick<\/a><\/p>\n\n\n\n<p class=\"has-small-font-size\"><a href=\"https:\/\/www.kantonsrat.zh.ch\/mitglieder\/mitglied\/?id=985469e9c8414f5c89419fc28bc1fdb2\" data-type=\"URL\" data-id=\"https:\/\/www.kantonsrat.zh.ch\/mitglieder\/mitglied\/?id=985469e9c8414f5c89419fc28bc1fdb2\" target=\"_blank\" rel=\"noreferrer noopener\">Kantonsr\u00e4tin<\/a><\/p>\n<\/div>\n\n\n\n<ul class=\"wp-block-social-links has-icon-background-color is-style-default is-content-justification-right is-layout-flex wp-container-core-social-links-is-layout-d445cf74 wp-block-social-links-is-layout-flex\"><li style=\"background-color:#105db5;\" class=\"wp-social-link wp-social-link-facebook  wp-block-social-link\"><a href=\"https:\/\/www.facebook.com\/etter.gick.fdp\" class=\"wp-block-social-link-anchor\"><svg width=\"24\" height=\"24\" viewBox=\"0 0 24 24\" version=\"1.1\" xmlns=\"http:\/\/www.w3.org\/2000\/svg\" aria-hidden=\"true\" focusable=\"false\"><path d=\"M12 2C6.5 2 2 6.5 2 12c0 5 3.7 9.1 8.4 9.9v-7H7.9V12h2.5V9.8c0-2.5 1.5-3.9 3.8-3.9 1.1 0 2.2.2 2.2.2v2.5h-1.3c-1.2 0-1.6.8-1.6 1.6V12h2.8l-.4 2.9h-2.3v7C18.3 21.1 22 17 22 12c0-5.5-4.5-10-10-10z\"><\/path><\/svg><span class=\"wp-block-social-link-label screen-reader-text\">Facebook<\/span><\/a><\/li>\n\n<li style=\"background-color:#105db5;\" class=\"wp-social-link wp-social-link-linkedin  wp-block-social-link\"><a href=\"https:\/\/www.linkedin.com\/in\/carola-etter-gick-a53b54195\/\" class=\"wp-block-social-link-anchor\"><svg width=\"24\" height=\"24\" viewBox=\"0 0 24 24\" version=\"1.1\" xmlns=\"http:\/\/www.w3.org\/2000\/svg\" aria-hidden=\"true\" focusable=\"false\"><path d=\"M19.7,3H4.3C3.582,3,3,3.582,3,4.3v15.4C3,20.418,3.582,21,4.3,21h15.4c0.718,0,1.3-0.582,1.3-1.3V4.3 C21,3.582,20.418,3,19.7,3z M8.339,18.338H5.667v-8.59h2.672V18.338z M7.004,8.574c-0.857,0-1.549-0.694-1.549-1.548 c0-0.855,0.691-1.548,1.549-1.548c0.854,0,1.547,0.694,1.547,1.548C8.551,7.881,7.858,8.574,7.004,8.574z M18.339,18.338h-2.669 v-4.177c0-0.996-0.017-2.278-1.387-2.278c-1.389,0-1.601,1.086-1.601,2.206v4.249h-2.667v-8.59h2.559v1.174h0.037 c0.356-0.675,1.227-1.387,2.526-1.387c2.703,0,3.203,1.779,3.203,4.092V18.338z\"><\/path><\/svg><span class=\"wp-block-social-link-label screen-reader-text\">LinkedIn<\/span><\/a><\/li><\/ul>\n<\/div>\n<\/div>\n","protected":false},"excerpt":{"rendered":"<p>Als Kantonsr\u00e4tin setze ich mich f\u00fcr ein schlagkr\u00e4ftiges Winterthur und einen florierenden Kanton Z\u00fcrich ein. Als zweitgr\u00f6sste Stadt verhilft Winterthur Z\u00fcrich erst zur richtigen St\u00e4rke. Deshalb bin ich \u00fcberzeugt, dass wir Freisinnigen auch fortan mit 2 von 13 Sitzen eine schlagkr\u00e4ftige Stimme auf der kantonalen Ebene brauchen. Dieter Kl\u00e4y und ich sind ein gutes Team [&hellip;]<\/p>\n","protected":false},"author":1,"featured_media":0,"parent":0,"menu_order":0,"comment_status":"closed","ping_status":"closed","template":"blank","meta":{"footnotes":""},"class_list":["post-66","page","type-page","status-publish","hentry"],"_links":{"self":[{"href":"https:\/\/etter-gick.ch\/index.php\/wp-json\/wp\/v2\/pages\/66","targetHints":{"allow":["GET"]}}],"collection":[{"href":"https:\/\/etter-gick.ch\/index.php\/wp-json\/wp\/v2\/pages"}],"about":[{"href":"https:\/\/etter-gick.ch\/index.php\/wp-json\/wp\/v2\/types\/page"}],"author":[{"embeddable":true,"href":"https:\/\/etter-gick.ch\/index.php\/wp-json\/wp\/v2\/users\/1"}],"replies":[{"embeddable":true,"href":"https:\/\/etter-gick.ch\/index.php\/wp-json\/wp\/v2\/comments?post=66"}],"version-history":[{"count":47,"href":"https:\/\/etter-gick.ch\/index.php\/wp-json\/wp\/v2\/pages\/66\/revisions"}],"predecessor-version":[{"id":171,"href":"https:\/\/etter-gick.ch\/index.php\/wp-json\/wp\/v2\/pages\/66\/revisions\/171"}],"wp:attachment":[{"href":"https:\/\/etter-gick.ch\/index.php\/wp-json\/wp\/v2\/media?parent=66"}],"curies":[{"name":"wp","href":"https:\/\/api.w.org\/{rel}","templated":true}]}}